74 and 438.
146
What is the greatest common divisor of 13498 and 3853594?
34
What is the highest common divisor of 17960420 and 57980?
4460
Calculate the greatest common factor of 1760335 and 574.
41
What is the greatest common factor of 135 and 16616637?
27
Calculate the highest common factor of 14194 and 1271867.
47
What is the highest common divisor of 20 and 231914476?
4
What is the greatest common divisor of 176709344 and 2911?
2911
What is the highest common divisor of 840 and 1427384?
56
Calculate the greatest common factor of 66 and 1121346.
6
Calculate the greatest common factor of 14723086 and 21.
7
What is the highest common divisor of 275 and 168832565?
55
What is the greatest common factor of 32956 and 218013356?
4708
Calculate the highest common divisor of 119008218 and 42.
42
Calculate the greatest common factor of 168 and 3408216.
168
What is the greatest common divisor of 75 and 8351125?
25
What is the highest common factor of 51576 and 823397946?
12894
Calculate the greatest common divisor of 186534 and 43344.
774
Calculate the greatest common factor of 26651 and 2074183.
919
What is the greatest common divisor of 23982 and 4578?
42
What is the highest common factor of 2175611600 and 226?
226
What is the greatest common divisor of 58984398 and 3762?
3762
Calculate the greatest common factor of 1540 and 42170.
10
Calculate the highest common divisor of 992246616 and 3672.
1224
What is the highest common divisor of 2440 and 214598?
122
Calculate the greatest common factor of 511 and 1517889.
73
What is the greatest common divisor of 309648 and 8232?
24
Calculate the highest common factor of 171665748 and 288.
36
Calculate the highest common divisor of 13110 and 5368450.
190
What is the highest common factor of 1624 and 276276?
28
Calculate the greatest common divisor of 443054 and 8635.
157
Calculate the highest common divisor of 24 and 2602166784.
24
Calculate the highest common divisor of 4426 and 1408623186.
4426
Calculate the greatest common divisor of 10725430 and 5.
5
What is the greatest common divisor of 805668 and 288?
12
What is the highest common factor of 199993 and 1720?
43
Calculate the greatest common divisor of 34406535 and 213845.
11255
Calculate the greatest common factor of 64403200 and 5104.
464
What is the highest common divisor of 3572 and 320017?
19
Calculate the greatest common divisor of 4537 and 931577673.
4537
What is the highest common factor of 1210 and 4398504?
22
Calculate the highest common factor of 12728914 and 55.
11
What is the greatest common divisor of 14053600 and 3200?
800
What is the highest common factor of 121824 and 177237?
423
Calculate the highest common factor of 11 and 31913970.
11
What is the greatest common factor of 22 and 129365797?
11
Calculate the greatest common divisor of 1836310 and 98.
14
Calculate the greatest common divisor of 816 and 3067191.
51
Calculate the greatest common divisor of 747614736 and 44.
44
What is the greatest common factor of 334 and 592279862?
334
What is the greatest common factor of 363235356 and 2224?
556
What is the highest common factor of 9912171 and 1711?
29
Calculate the highest common factor of 9738400 and 1692.
188
What is the highest common divisor of 19016455 and 623033?
9299
Calculate the greatest common factor of 205287 and 44156733.
5007
What is the highest common factor of 3948 and 7878892?
1316
Calculate the highest common divisor of 7255721 and 165.
11
What is the greatest common divisor of 170058663 and 16281?
1809
Calculate the highest common factor of 4 and 1213373.
1
What is the highest common divisor of 1668 and 68764412?
556
Calculate the highest common factor of 2736 and 944338.
38
Calculate the greatest common divisor of 102 and 335805726.
102
What is the highest common factor of 58166586 and 4194?
4194
Calculate the greatest common factor of 3364344 and 414.
18
Calculate the highest common factor of 21684 and 23452.
52
What is the highest common factor of 9680 and 11871310?
1210
What is the highest common divisor of 3479908507 and 139?
139
What is the highest common divisor of 5506488 and 135?
27
What is the greatest common factor of 5888 and 341596?
92
What is the highest common divisor of 9359515 and 11022?
1837
Calculate the greatest common divisor of 50 and 259914350.
50
What is the greatest common factor of 91333644 and 40020?
8004
Calculate the greatest common factor of 306395 and 88105.
1315
What is the greatest common factor of 333 and 64018251?
333
What is the greatest common factor of 4657080 and 2561?
197
What is the greatest common factor of 584859994 and 58?
58
Calculate the highest common divisor of 347292 and 12408.
132
What is the highest common factor of 148273804 and 511?
511
What is the highest common divisor of 72939939 and 1257?
1257
Calculate the greatest common divisor of 9491168 and 96.
32
What is the highest common factor of 1890220 and 53940?
580
What is the highest common divisor of 6858357 and 22755?
4551
Calculate the highest common factor of 297 and 8917227.
99
What is the greatest common factor of 1415393 and 413315?
1687
Calculate the highest common factor of 15145724 and 5940.
44
Calculate the highest common divisor of 2173 and 1383883.
53
Calculate the greatest common factor of 2802422 and 20398.
658
Calculate the greatest common factor of 124950 and 330162.
294
Calculate the greatest common factor of 11676 and 12828.
12
What is the greatest common factor of 1748 and 115077832?
1748
What is the highest common divisor of 1819525 and 1235525?
1825
Calculate the greatest common divisor of 644 and 1142260.
28
What is the highest common divisor of 11829760 and 2880?
320
Calculate the highest common factor of 108246 and 19758.
6
Calculate the highest common divisor of 841 and 74904506.
841
Calculate the greatest common factor of 1488384 and 532032.
3264
What is the greatest common divisor of 32459072 and 36800?
1472
What is the greatest common divisor of 2122 and 6978?
2
Calculate the greatest common factor of 1552477077 and 23409.
7803
Calculate the greatest common factor of 314640 and 717048.
1656
What is the highest common factor of 372706 and 350198?
662
Calculate the highest common divisor of 84 and 83468301.
21
What is the greatest common factor of 236213 and 129383?
1187
What is the greatest common factor of 25884840 and 180?
60
What is the highest common divisor of 401338 and 42?
14
What is the greatest common factor of 731 and 5376806?
43
Calculate the greatest common factor of 717 and 109796361.
717
Calculate the greatest common divisor of 2588274 and 8736.
78
What is the highest common divisor of 21 and 174340999?
7
What is the greatest common divisor of 997039 and 333?
37
Calculate the greatest common divisor of 49920 and 26967552.
768
What is the highest common divisor of 2860930 and 6035?
85
What is the greatest common divisor of 2057 and 19897361?
2057
What is the greatest common factor of 20 and 1429556?
4
What is the greatest common factor of 18416100 and 138?
138
Calculate the highest common divisor of 37465 and 189095.
295
Calculate the greatest common factor of 84228 and 26826.
6
Calculate the highest common factor of 30257240 and 26.
26
What is the greatest common factor of 115 and 69394381?
23
Calculate the greatest common factor of 1596 and 2361168.
228
What is the highest common divisor of 7631 and 6798634?
587
Calculate the greatest common factor of 20634208 and 2184.
56
What is the highest common divisor of 21762216 and 7780?
1556
Calculate the greatest common divisor of 728 and 45367192.
104
Calculate the highest common factor of 149665295 and 1365.
65
What is the greatest common factor of 158288 and 33095890?
1522
What is the highest common divisor of 15 and 685068?
3
What is the highest common factor of 7060658 and 88?
22
Calculate the highest common divisor of 528 and 5347760.
176
Calculate the highest common divisor of 10284154 and 2283.
761
What is the highest common factor of 23427475 and 62?
31
Calculate the highest common factor of 478665 and 540.
45
Calculate the greatest common divisor of 59432 and 165784.
3128
What is the greatest common divisor of 804 and 92092036?
268
What is the highest common factor of 2636316 and 51054?
402
Calculate the greatest c